{"id":993,"date":"2018-12-14T19:51:15","date_gmt":"2018-12-14T18:51:15","guid":{"rendered":"https:\/\/saint-arnac.fr\/?page_id=993"},"modified":"2025-06-20T09:56:36","modified_gmt":"2025-06-20T07:56:36","slug":"conseil-municipal","status":"publish","type":"page","link":"https:\/\/saint-arnac.fr\/index.php\/la-mairie\/conseil-municipal\/","title":{"rendered":"Conseil Municipal &#038; Convocations"},"content":{"rendered":"<div class=\"wpb-content-wrapper\"><p>[vc_row][vc_column]<div id=\"cz_90971\" class=\"cz_90971 cz_title clr cz_title_has_icon cz_title_pos_inline\"><div class=\"cz_title_content\"><i class=\"cz_title_icon_before fa fa-chevron-right\"><\/i><div class=\"cz_wpe_content\"><p style=\"text-align: left;\"><span style=\"font-family: Montserrat; font-size: 24px; font-weight: 300; letter-spacing: 10px; color: #999999;\"><span style=\"font-family: Poppins; font-weight: bold;\">Membres du Conseil Municipal<\/span><\/span><\/p>\n<\/div><\/div><\/div><div class=\"cz_gap clr  hide_on_tablet hide_on_mobile\" style=\"height: 0px\"><\/div><div class=\"cz_gap show_on_tablet clr \" style=\"height: 0px\"><\/div>[vc_single_image image=\u00a0\u00bb1674&Prime; img_size=\u00a0\u00bblarge\u00a0\u00bb alignment=\u00a0\u00bbcenter\u00a0\u00bb style=\u00a0\u00bbvc_box_shadow_3d\u00a0\u00bb onclick=\u00a0\u00bbzoom\u00a0\u00bb css=\u00a0\u00bb.vc_custom_1657615293023{border-radius: 26px !important;}\u00a0\u00bb]<div class=\"cz_gap clr  hide_on_tablet hide_on_mobile\" style=\"height: 0px\"><\/div><div class=\"cz_gap show_on_tablet clr \" style=\"height: 0px\"><\/div>[vc_row_inner][vc_column_inner width=\u00a0\u00bb1\/3&Prime;]<div id=\"cz_17145\" class=\"cz_17145 cz_testimonials cz_testimonials_s6\"><div class=\"cz_testimonials_content\"><div class=\"cz_testimonials_meta\"><div class=\"cz_testimonials_name_subname\"><div class=\"cz_testimonials_name\">Guy Calvet<\/div><\/div><\/div><div class=\"cz_wpe_content\"><p style=\"text-align: center;\">Maire<\/p>\n<\/div><\/div><\/div>[vc_empty_space][\/vc_column_inner][vc_column_inner width=\u00a0\u00bb1\/3&Prime;]<div id=\"cz_100051\" class=\"cz_100051 cz_testimonials cz_testimonials_s6\"><div class=\"cz_testimonials_content\"><div class=\"cz_testimonials_meta\"><div class=\"cz_testimonials_name_subname\"><div class=\"cz_testimonials_name\">Dominique Frigola<\/div><\/div><\/div><div class=\"cz_wpe_content\"><p style=\"text-align: center;\">1er adjoint<\/p>\n<\/div><\/div><\/div>[vc_empty_space][\/vc_column_inner][vc_column_inner width=\u00a0\u00bb1\/3&Prime;]<div id=\"cz_60861\" class=\"cz_60861 cz_testimonials cz_testimonials_s6\"><div class=\"cz_testimonials_content\"><div class=\"cz_testimonials_meta\"><div class=\"cz_testimonials_name_subname\"><div class=\"cz_testimonials_name\">Eulalie ATLE-VILLEROY<\/div><\/div><\/div><div class=\"cz_wpe_content\"><p style=\"text-align: center;\">2eme adjointe<\/p>\n<\/div><\/div><\/div>[vc_empty_space][\/vc_column_inner][vc_column_inner width=\u00a0\u00bb1\/4&Prime;]<div id=\"cz_105470\" class=\"cz_105470 cz_testimonials cz_testimonials_s6\"><div class=\"cz_testimonials_content\"><div class=\"cz_testimonials_meta\"><div class=\"cz_testimonials_name_subname\"><div class=\"cz_testimonials_name\">Marie-No\u00eblle Bricault<\/div><\/div><\/div><div class=\"cz_wpe_content\"><p style=\"text-align: center;\">Conseill\u00e8re municipale<\/p>\n<\/div><\/div><\/div>[vc_empty_space][\/vc_column_inner][vc_column_inner width=\u00a0\u00bb1\/4&Prime;]<div id=\"cz_96669\" class=\"cz_96669 cz_testimonials cz_testimonials_s6\"><div class=\"cz_testimonials_content\"><div class=\"cz_testimonials_meta\"><div class=\"cz_testimonials_name_subname\"><div class=\"cz_testimonials_name\">Christian Colson<\/div><\/div><\/div><div class=\"cz_wpe_content\"><p style=\"text-align: center;\">Conseiller municipal<\/p>\n<\/div><\/div><\/div>[vc_empty_space][\/vc_column_inner][vc_column_inner width=\u00a0\u00bb1\/4&Prime;]<div id=\"cz_94391\" class=\"cz_94391 cz_testimonials cz_testimonials_s6\"><div class=\"cz_testimonials_content\"><div class=\"cz_testimonials_meta\"><div class=\"cz_testimonials_name_subname\"><div class=\"cz_testimonials_name\">Carole Calvet<\/div><\/div><\/div><div class=\"cz_wpe_content\"><p style=\"text-align: center;\">Conseill\u00e8re municipale<\/p>\n<\/div><\/div><\/div>[vc_empty_space][\/vc_column_inner][\/vc_row_inner][\/vc_column][\/vc_row][vc_row][vc_column][vc_row_inner][vc_column_inner width=\u00a0\u00bb1\/4&Prime;][vc_empty_space][\/vc_column_inner][vc_column_inner width=\u00a0\u00bb1\/4&Prime;]<div id=\"cz_94669\" class=\"cz_94669 cz_testimonials cz_testimonials_s6\"><div class=\"cz_testimonials_content\"><div class=\"cz_testimonials_meta\"><div class=\"cz_testimonials_name_subname\"><div class=\"cz_testimonials_name\">Fabrice Dupont<\/div><\/div><\/div><div class=\"cz_wpe_content\"><p style=\"text-align: center;\">Conseiller municipal<\/p>\n<\/div><\/div><\/div>[vc_empty_space][\/vc_column_inner][vc_column_inner width=\u00a0\u00bb1\/4&Prime;]<div id=\"cz_67559\" class=\"cz_67559 cz_testimonials cz_testimonials_s6\"><div class=\"cz_testimonials_content\"><div class=\"cz_testimonials_meta\"><div class=\"cz_testimonials_name_subname\"><div class=\"cz_testimonials_name\">Paul Meunier<\/div><\/div><\/div><div class=\"cz_wpe_content\"><p style=\"text-align: center;\">Conseiller municipal<\/p>\n<\/div><\/div><\/div>[vc_empty_space][\/vc_column_inner][vc_column_inner width=\u00a0\u00bb1\/4&Prime;][vc_empty_space][\/vc_column_inner][\/vc_row_inner][\/vc_column][\/vc_row][vc_row][vc_column][vc_empty_space height=\u00a0\u00bb25px\u00a0\u00bb][\/vc_column][\/vc_row][vc_row][vc_column]<div id=\"cz_27354\" class=\"cz_27354 cz_title clr cz_title_has_bg cz_title_has_border cz_title_pos_inline tac\"><div class=\"cz_title_content\"><div class=\"cz_wpe_content\"><p style=\"text-align: center;\"><span style=\"font-family: Verdana; font-size: 20px; color: #ffffff;\">Avant chaque Conseil Municipal, vous trouverez ici, tous les projets de d\u00e9lib\u00e9rations.<\/span><\/p>\n<\/div><\/div><\/div><div class=\"cz_gap clr \" style=\"height: 50px\"><\/div><div id=\"cz_20332\" class=\"cz_20332 cz_title clr cz_title_pos_center\"><div class=\"cz_title_content\"><div class=\"cz_wpe_content\"><p>CONSEIL MUNICIPAL <strong>LE 9 JUIN 2023 \u00c0 17H &#8211;<\/strong> SALLE DE CONSEIL DE LA MAIRIE.<\/p>\n<p>\u00ab\u00a0<span style=\"font-family: Georgia, serif; font-size: 15px; color: #000000;\"><em>Cliquez sur le dossier pour faire appara\u00eetre le fichier pr\u00e9sentant les affaires \u00e0 traiter.<\/em><\/span>\u00ab\u00a0<\/p>\n<\/div><\/div><\/div>[\/vc_column][\/vc_row][vc_row][vc_column][vc_icon icon_fontawesome=\u00a0\u00bbfa fa-folder-o\u00a0\u00bb size=\u00a0\u00bbxl\u00a0\u00bb align=\u00a0\u00bbcenter\u00a0\u00bb link=\u00a0\u00bburl:https%3A%2F%2Fsaint-arnac.fr%2Fwp-content%2Fuploads%2F2023%2F06%2FPANNEAU-AFFICHAGE-MAIRIE.docx|title:Conseil%20Municipal%20-%209%20JUIN%202023||\u00a0\u00bb][\/vc_column][\/vc_row]<\/p>\n<\/div>","protected":false},"excerpt":{"rendered":"<p>[vc_icon &#8230; <\/p>\n","protected":false},"author":2,"featured_media":0,"parent":989,"menu_order":1,"comment_status":"closed","ping_status":"open","template":"","meta":{"footnotes":""},"class_list":["post-993","page","type-page","status-publish","hentry"],"jetpack_sharing_enabled":true,"_links":{"self":[{"href":"https:\/\/saint-arnac.fr\/index.php\/wp-json\/wp\/v2\/pages\/993","targetHints":{"allow":["GET"]}}],"collection":[{"href":"https:\/\/saint-arnac.fr\/index.php\/wp-json\/wp\/v2\/pages"}],"about":[{"href":"https:\/\/saint-arnac.fr\/index.php\/wp-json\/wp\/v2\/types\/page"}],"author":[{"embeddable":true,"href":"https:\/\/saint-arnac.fr\/index.php\/wp-json\/wp\/v2\/users\/2"}],"replies":[{"embeddable":true,"href":"https:\/\/saint-arnac.fr\/index.php\/wp-json\/wp\/v2\/comments?post=993"}],"version-history":[{"count":25,"href":"https:\/\/saint-arnac.fr\/index.php\/wp-json\/wp\/v2\/pages\/993\/revisions"}],"predecessor-version":[{"id":2265,"href":"https:\/\/saint-arnac.fr\/index.php\/wp-json\/wp\/v2\/pages\/993\/revisions\/2265"}],"up":[{"embeddable":true,"href":"https:\/\/saint-arnac.fr\/index.php\/wp-json\/wp\/v2\/pages\/989"}],"wp:attachment":[{"href":"https:\/\/saint-arnac.fr\/index.php\/wp-json\/wp\/v2\/media?parent=993"}],"curies":[{"name":"wp","href":"https:\/\/api.w.org\/{rel}","templated":true}]}}