{"id":2008,"date":"2022-08-31T14:19:18","date_gmt":"2022-08-31T12:19:18","guid":{"rendered":"https:\/\/saint-arnac.fr\/?page_id=2008"},"modified":"2023-04-20T11:44:37","modified_gmt":"2023-04-20T09:44:37","slug":"arretes","status":"publish","type":"page","link":"https:\/\/saint-arnac.fr\/index.php\/la-mairie\/arretes\/","title":{"rendered":"Arr\u00eat\u00e9s"},"content":{"rendered":"<div class=\"wpb-content-wrapper\"><p>[vc_row][vc_column]<div id=\"cz_47858\" class=\"cz_47858 cz_title clr cz_title_ba_line cz_title_pos_inline tac\"><div class=\"cz_title_content\"><div class=\"cz_wpe_content\"><p style=\"text-align: center;\"><span style=\"font-size: 32px; font-family: Georgia, serif; color: #000000;\"><span style=\"font-weight: 200;\">ARR\u00caT\u00c9S<\/span> <span style=\"font-weight: 500;\">DU MAIRE<\/span><\/span><\/p>\n<\/div><div class=\"cz_title_line cz_line_after_title\"><span>_<\/span><\/div><\/div><\/div>[vc_tta_tabs active_section=\u00a0\u00bb1&Prime; title=\u00a0\u00bbN\u00b004-2023&Prime;][vc_tta_section title=\u00a0\u00bbN\u00b032-2022&Prime; tab_id=\u00a0\u00bb1664865444949-384804fc-bdcc\u00a0\u00bb]<div id=\"cz_17273\" class=\"cz_17273 cz_title clr cz_title_pos_inline tac\"><div class=\"cz_title_content\"><div class=\"cz_wpe_content\"><p><span style=\"font-family: 'Palatino Linotype';\">Arr\u00eat\u00e9 accordant un permis de construire au nom de la commune de SAINT-ARNAC <\/span><\/p>\n<p style=\"text-align: center;\"><span style=\"font-family: 'Palatino Linotype'; color: #3366ff;\"><a style=\"color: #3366ff;\" href=\"https:\/\/saint-arnac.fr\/wp-content\/uploads\/2022\/12\/32-2022-Autorisation-de-permis-de-construire.pdf\">32-2022 Autorisation de permis de construire<\/a><\/span><\/p>\n<\/div><\/div><\/div>[\/vc_tta_section][vc_tta_section title=\u00a0\u00bbN\u00b033-2022&Prime; tab_id=\u00a0\u00bb1672048297840-636d5e79-b440&Prime;]<div id=\"cz_14694\" class=\"cz_14694 cz_title clr cz_title_pos_inline tac\"><div class=\"cz_title_content\"><div class=\"cz_wpe_content\"><p><span style=\"font-family: 'Palatino Linotype';\">Arr\u00eat\u00e9 accordant un permis de construire au nom de la commune de SAINT-ARNAC <\/span><\/p>\n<p style=\"text-align: center;\"><span style=\"font-family: 'Palatino Linotype'; color: #3366ff;\"><a style=\"color: #3366ff;\" href=\"https:\/\/saint-arnac.fr\/wp-content\/uploads\/2022\/12\/33-2022-Autorisation-de-permis-de-construire.pdf\">33-2022 Autorisation de permis de construire<\/a><\/span><\/p>\n<\/div><\/div><\/div>[\/vc_tta_section][vc_tta_section title=\u00a0\u00bbN\u00b034-2022&Prime; tab_id=\u00a0\u00bb1672048407651-1c671312-63d9&Prime;]<div id=\"cz_54768\" class=\"cz_54768 cz_title clr cz_title_pos_inline tac\"><div class=\"cz_title_content\"><div class=\"cz_wpe_content\"><p><span style=\"font-family: 'Palatino Linotype';\">Arr\u00eat\u00e9 individuel d&rsquo;alignement.<\/span><\/p>\n<p style=\"text-align: center;\"><span style=\"color: #3366ff;\"><a style=\"color: #3366ff;\" href=\"https:\/\/saint-arnac.fr\/wp-content\/uploads\/2022\/12\/34-2022-Arrete-individuel-dalignement.pdf\">34-2022 Arr\u00eat\u00e9 individuel d&rsquo;alignement<\/a><\/span><\/p>\n<\/div><\/div><\/div>[\/vc_tta_section][vc_tta_section title=\u00a0\u00bbN\u00b004-2023&Prime; tab_id=\u00a0\u00bb1681983603600-80e6edc2-4f09&Prime;]<div id=\"cz_30408\" class=\"cz_30408 cz_title clr cz_title_pos_inline\"><div class=\"cz_title_content\"><div class=\"cz_wpe_content\"><p>Portant r\u00e8glementation de la circulation sur lieu-dit \u00ab CAMPS DEL MELRAS \u00bb RD77 &#8211; remplacement d\u2019un poteau t\u00e9l\u00e9com sur accotement et le tirage de c\u00e2ble.<\/p>\n<p><a href=\"https:\/\/saint-arnac.fr\/wp-content\/uploads\/2023\/04\/04-2023-Arrete-de-circulation.pdf\">04 -2023 Arr\u00e9t\u00e9 de circulation<\/a><\/p>\n<\/div><\/div><\/div>[\/vc_tta_section][\/vc_tta_tabs]<div class=\"cz_gap clr \" style=\"height: 50px\"><\/div>[\/vc_column][\/vc_row][vc_row][vc_column][vc_column_text]<\/p>\n<p style=\"text-align: center;\"><span style=\"font-family: Georgia, serif; color: #000000; font-size: 32px;\">ARR\u00caT\u00c9S PR\u00c9FECTORAUX<\/span><\/p>\n<p>[\/vc_column_text][\/vc_column][\/vc_row][vc_row][vc_column][vc_tta_tabs][vc_tta_section title=\u00a0\u00bbMesures de pr\u00e9vention des incendies.\u00a0\u00bb tab_id=\u00a0\u00bb1664864762981-51863ee1-c70a\u00a0\u00bb]<div id=\"cz_35773\" class=\"cz_35773 cz_title clr cz_title_pos_inline\"><div class=\"cz_title_content\"><div class=\"cz_wpe_content\"><p><span style=\"font-family: 'Palatino Linotype'; font-size: 13px;\">Arr\u00eat\u00e9 pr\u00e9fectoral du19 avril 2023 relatif aux mesures de pr\u00e9vention des incendies de feux de for\u00eat interdisant \u00e0 titre exceptionnel tous feux d&rsquo;incin\u00e9ration de v\u00e9g\u00e9taux sur l&rsquo;ensemble des communes du d\u00e9partement des Pyr\u00e9n\u00e9es-Orientales.<\/span><\/p>\n<p><a href=\"https:\/\/saint-arnac.fr\/wp-content\/uploads\/2023\/04\/AP-2023109-0005_Interdisant-brulage-vgtx-19-04-23.pdf\">AP-2023109-0005_Interdisant-brulage-vgtx-19-04-23<\/a><\/p>\n<\/div><\/div><\/div>[\/vc_tta_section][vc_tta_section title=\u00a0\u00bbMesures de restrictions des usages de l&rsquo;eau\u00a0\u00bb tab_id=\u00a0\u00bb1681971768961-1a340055-e530&Prime;]<div id=\"cz_47158\" class=\"cz_47158 cz_title clr cz_title_pos_inline\"><div class=\"cz_title_content\"><div class=\"cz_wpe_content\"><p><span style=\"font-family: 'Palatino Linotype'; font-size: 13px;\">Arr\u00eat\u00e9 pr\u00e9fectoral du 23 f\u00e9vrier 2023 portant mise en place de mesures de restrictions provisoires de certains usages de l&rsquo;eau li\u00e9es \u00e0 l&rsquo;\u00e9tat de la ressource superficielle et des nappes souterraines.<\/span><\/p>\n<p><a href=\"https:\/\/saint-arnac.fr\/wp-content\/uploads\/2023\/03\/2023_02_23_arrete_prefectoral_secheresse.pdf\">https:\/\/saint-arnac.fr\/wp-content\/uploads\/2023\/03\/2023_02_23_arrete_prefectoral_secheresse.pdf<\/a><\/p>\n<\/div><\/div><\/div>[\/vc_tta_section][vc_tta_section title=\u00a0\u00bbDates d&rsquo;ouverture et de cl\u00f4ture de la p\u00eache &#8211; 2023&Prime; tab_id=\u00a0\u00bb1672128595716-84abc054-f84b\u00a0\u00bb]<div id=\"cz_103465\" class=\"cz_103465 cz_title clr cz_title_pos_inline tac\"><div class=\"cz_title_content\"><div class=\"cz_wpe_content\"><p><span style=\"font-family: 'Palatino Linotype';\">Arr\u00eat\u00e9 pr\u00e9fectoral du 20 f\u00e9vrier 2023 modifiant l&rsquo;arr\u00eat\u00e9 pr\u00e9fectoral n\u00b0DDTM\/SER\/2022360-0001 fixant les dates d&rsquo;ouverture et de cl\u00f4ture de la p\u00eache en eau douce et r\u00e9glementant certains modes de p\u00eache dans le d\u00e9partement des Pyr\u00e9n\u00e9es-Orientales pour l&rsquo;ann\u00e9e 2023<\/span><\/p>\n<p style=\"text-align: center;\"><span style=\"font-family: 'Palatino Linotype'; color: #3366ff;\"><a style=\"color: #3366ff;\" href=\"https:\/\/saint-arnac.fr\/wp-content\/uploads\/2023\/02\/2023051-0003-modif.pdf\">2022360-0001<\/a><\/span><\/p>\n<\/div><\/div><\/div>[\/vc_tta_section][\/vc_tta_tabs][\/vc_column][\/vc_row]<\/p>\n<\/div>","protected":false},"excerpt":{"rendered":"<p>ARR\u00caT\u00c9S PR\u00c9FECTORAUX [vc_tta_section &#8230; <\/p>\n","protected":false},"author":1,"featured_media":0,"parent":989,"menu_order":4,"comment_status":"closed","ping_status":"closed","template":"","meta":{"footnotes":""},"class_list":["post-2008","page","type-page","status-publish","hentry"],"jetpack_sharing_enabled":true,"_links":{"self":[{"href":"https:\/\/saint-arnac.fr\/index.php\/wp-json\/wp\/v2\/pages\/2008","targetHints":{"allow":["GET"]}}],"collection":[{"href":"https:\/\/saint-arnac.fr\/index.php\/wp-json\/wp\/v2\/pages"}],"about":[{"href":"https:\/\/saint-arnac.fr\/index.php\/wp-json\/wp\/v2\/types\/page"}],"author":[{"embeddable":true,"href":"https:\/\/saint-arnac.fr\/index.php\/wp-json\/wp\/v2\/users\/1"}],"replies":[{"embeddable":true,"href":"https:\/\/saint-arnac.fr\/index.php\/wp-json\/wp\/v2\/comments?post=2008"}],"version-history":[{"count":19,"href":"https:\/\/saint-arnac.fr\/index.php\/wp-json\/wp\/v2\/pages\/2008\/revisions"}],"predecessor-version":[{"id":2136,"href":"https:\/\/saint-arnac.fr\/index.php\/wp-json\/wp\/v2\/pages\/2008\/revisions\/2136"}],"up":[{"embeddable":true,"href":"https:\/\/saint-arnac.fr\/index.php\/wp-json\/wp\/v2\/pages\/989"}],"wp:attachment":[{"href":"https:\/\/saint-arnac.fr\/index.php\/wp-json\/wp\/v2\/media?parent=2008"}],"curies":[{"name":"wp","href":"https:\/\/api.w.org\/{rel}","templated":true}]}}

Arrêtés

<div class="wpb-content-wrapper"><p>[vc_row][vc_column]<div id="cz_47858" class="cz_47858 cz_title clr cz_title_ba_line cz_title_pos_inline tac"><div class="cz_title_content"><div class="cz_wpe_content"><p style="text-align: center;"><span style="font-size: 32px; font-family: Georgia, serif; color: #000000;"><span style="font-weight: 200;">ARRÊTÉS</span> <span style="font-weight: 500;">DU MAIRE</span></span></p>
</div><div class="cz_title_line cz_line_after_title"><span>_</span></div></div></div>[vc_tta_tabs active_section= »1&Prime; title= »N°04-2023&Prime;][vc_tta_section title= »N°32-2022&Prime; tab_id= »1664865444949-384804fc-bdcc »]<div id="cz_17273" class="cz_17273 cz_title clr cz_title_pos_inline tac"><div class="cz_title_content"><div class="cz_wpe_content"><p><span style="font-family: 'Palatino Linotype';">Arrêté accordant un permis de construire au nom de la commune de SAINT-ARNAC </span></p>
<p style="text-align: center;"><span style="font-family: 'Palatino Linotype'; color: #3366ff;"><a style="color: #3366ff;" href="https://saint-arnac.fr/wp-content/uploads/2022/12/32-2022-Autorisation-de-permis-de-construire.pdf">32-2022 Autorisation de permis de construire</a></span></p>
</div></div></div>[/vc_tta_section][vc_tta_section title= »N°33-2022&Prime; tab_id= »1672048297840-636d5e79-b440&Prime;]<div id="cz_14694" class="cz_14694 cz_title clr cz_title_pos_inline tac"><div class="cz_title_content"><div class="cz_wpe_content"><p><span style="font-family: 'Palatino Linotype';">Arrêté accordant un permis de construire au nom de la commune de SAINT-ARNAC </span></p>
<p style="text-align: center;"><span style="font-family: 'Palatino Linotype'; color: #3366ff;"><a style="color: #3366ff;" href="https://saint-arnac.fr/wp-content/uploads/2022/12/33-2022-Autorisation-de-permis-de-construire.pdf">33-2022 Autorisation de permis de construire</a></span></p>
</div></div></div>[/vc_tta_section][vc_tta_section title= »N°34-2022&Prime; tab_id= »1672048407651-1c671312-63d9&Prime;]<div id="cz_54768" class="cz_54768 cz_title clr cz_title_pos_inline tac"><div class="cz_title_content"><div class="cz_wpe_content"><p><span style="font-family: 'Palatino Linotype';">Arrêté individuel d&rsquo;alignement.</span></p>
<p style="text-align: center;"><span style="color: #3366ff;"><a style="color: #3366ff;" href="https://saint-arnac.fr/wp-content/uploads/2022/12/34-2022-Arrete-individuel-dalignement.pdf">34-2022 Arrêté individuel d&rsquo;alignement</a></span></p>
</div></div></div>[/vc_tta_section][vc_tta_section title= »N°04-2023&Prime; tab_id= »1681983603600-80e6edc2-4f09&Prime;]<div id="cz_30408" class="cz_30408 cz_title clr cz_title_pos_inline"><div class="cz_title_content"><div class="cz_wpe_content"><p>Portant règlementation de la circulation sur lieu-dit « CAMPS DEL MELRAS » RD77 &#8211; remplacement d’un poteau télécom sur accotement et le tirage de câble.</p>
<p><a href="https://saint-arnac.fr/wp-content/uploads/2023/04/04-2023-Arrete-de-circulation.pdf">04 -2023 Arrété de circulation</a></p>
</div></div></div>[/vc_tta_section][/vc_tta_tabs]<div class="cz_gap clr " style="height: 50px"></div>[/vc_column][/vc_row][vc_row][vc_column][vc_column_text]</p>
<p style="text-align: center;"><span style="font-family: Georgia, serif; color: #000000; font-size: 32px;">ARRÊTÉS PRÉFECTORAUX</span></p>
<p>[/vc_column_text][/vc_column][/vc_row][vc_row][vc_column][vc_tta_tabs][vc_tta_section title= »Mesures de prévention des incendies. » tab_id= »1664864762981-51863ee1-c70a »]<div id="cz_35773" class="cz_35773 cz_title clr cz_title_pos_inline"><div class="cz_title_content"><div class="cz_wpe_content"><p><span style="font-family: 'Palatino Linotype'; font-size: 13px;">Arrêté préfectoral du19 avril 2023 relatif aux mesures de prévention des incendies de feux de forêt interdisant à titre exceptionnel tous feux d&rsquo;incinération de végétaux sur l&rsquo;ensemble des communes du département des Pyrénées-Orientales.</span></p>
<p><a href="https://saint-arnac.fr/wp-content/uploads/2023/04/AP-2023109-0005_Interdisant-brulage-vgtx-19-04-23.pdf">AP-2023109-0005_Interdisant-brulage-vgtx-19-04-23</a></p>
</div></div></div>[/vc_tta_section][vc_tta_section title= »Mesures de restrictions des usages de l&rsquo;eau » tab_id= »1681971768961-1a340055-e530&Prime;]<div id="cz_47158" class="cz_47158 cz_title clr cz_title_pos_inline"><div class="cz_title_content"><div class="cz_wpe_content"><p><span style="font-family: 'Palatino Linotype'; font-size: 13px;">Arrêté préfectoral du 23 février 2023 portant mise en place de mesures de restrictions provisoires de certains usages de l&rsquo;eau liées à l&rsquo;état de la ressource superficielle et des nappes souterraines.</span></p>
<p><a href="https://saint-arnac.fr/wp-content/uploads/2023/03/2023_02_23_arrete_prefectoral_secheresse.pdf">https://saint-arnac.fr/wp-content/uploads/2023/03/2023_02_23_arrete_prefectoral_secheresse.pdf</a></p>
</div></div></div>[/vc_tta_section][vc_tta_section title= »Dates d&rsquo;ouverture et de clôture de la pêche &#8211; 2023&Prime; tab_id= »1672128595716-84abc054-f84b »]<div id="cz_103465" class="cz_103465 cz_title clr cz_title_pos_inline tac"><div class="cz_title_content"><div class="cz_wpe_content"><p><span style="font-family: 'Palatino Linotype';">Arrêté préfectoral du 20 février 2023 modifiant l&rsquo;arrêté préfectoral n°DDTM/SER/2022360-0001 fixant les dates d&rsquo;ouverture et de clôture de la pêche en eau douce et réglementant certains modes de pêche dans le département des Pyrénées-Orientales pour l&rsquo;année 2023</span></p>
<p style="text-align: center;"><span style="font-family: 'Palatino Linotype'; color: #3366ff;"><a style="color: #3366ff;" href="https://saint-arnac.fr/wp-content/uploads/2023/02/2023051-0003-modif.pdf">2022360-0001</a></span></p>
</div></div></div>[/vc_tta_section][/vc_tta_tabs][/vc_column][/vc_row]</p>
</div>

<p>ARRÊTÉS PRÉFECTORAUX [vc_tta_section &#8230; </p>
