{"id":1481,"date":"2019-02-02T22:17:36","date_gmt":"2019-02-02T21:17:36","guid":{"rendered":"https:\/\/saint-arnac.fr\/?page_id=1481"},"modified":"2021-08-08T19:18:34","modified_gmt":"2021-08-08T17:18:34","slug":"culture-et-traditions","status":"publish","type":"page","link":"https:\/\/saint-arnac.fr\/index.php\/menu-lateral\/tourisme-et-decouvertes\/culture-et-traditions\/","title":{"rendered":"Culture et traditions"},"content":{"rendered":"<div class=\"wpb-content-wrapper\"><p>[vc_row][vc_column][vc_single_image image=\u00a0\u00bb1301&Prime; img_size=\u00a0\u00bb1000&#215;500&Prime; alignment=\u00a0\u00bbcenter\u00a0\u00bb style=\u00a0\u00bbvc_box_shadow_3d\u00a0\u00bb][vc_column_text]<\/p>\n<p align=\"justify\">Le 29 juin notre petite \u00e9glise a \u00e9t\u00e9 b\u00e9nite par Monseigneur Marceau \u00e9v\u00eaque de Perpignan. Pourquoi le 29 juin ? Le saint-patron de St Arnac \u00e9tant Saint Pierre, la f\u00eate du village commencait ce jour l\u00e0, et ceci pendant 3 jours. A cette \u00e9poque, les villageois vivaient de la vigne, d&rsquo; \u00e9levage et du travail des champs. Bien s\u00fbr, c&rsquo; \u00e9tait la p\u00e9riode o\u00f9 l&rsquo;on devait rentrer les foins. Nos a\u00een\u00e9s d\u00e9cr\u00e9t\u00e8rent donc que le 29 juin serait le seul jour de f\u00eate et qu&rsquo;une messe serait c\u00e9l\u00e9br\u00e9e dans leur \u00e9glise. Pour renouer avec la tradition, nous avons souhait\u00e9 b\u00e9nir notre \u00e9glise ce jour l\u00e0 et qu&rsquo;une messe soit c\u00e9l\u00e9br\u00e9e chaque ann\u00e9e \u00e0 cette m\u00eame date, jour de la saint Pierre patron de la paroisse de St Arnac.[\/vc_column_text][\/vc_column][\/vc_row]<\/p>\n<\/div>","protected":false},"excerpt":{"rendered":"<p>Le 29 juin notre petite \u00e9glise a \u00e9t\u00e9 b\u00e9nite par Monseigneur &#8230; <\/p>\n","protected":false},"author":2,"featured_media":0,"parent":1052,"menu_order":6,"comment_status":"closed","ping_status":"closed","template":"","meta":{"footnotes":""},"class_list":["post-1481","page","type-page","status-publish","hentry"],"jetpack_sharing_enabled":true,"_links":{"self":[{"href":"https:\/\/saint-arnac.fr\/index.php\/wp-json\/wp\/v2\/pages\/1481","targetHints":{"allow":["GET"]}}],"collection":[{"href":"https:\/\/saint-arnac.fr\/index.php\/wp-json\/wp\/v2\/pages"}],"about":[{"href":"https:\/\/saint-arnac.fr\/index.php\/wp-json\/wp\/v2\/types\/page"}],"author":[{"embeddable":true,"href":"https:\/\/saint-arnac.fr\/index.php\/wp-json\/wp\/v2\/users\/2"}],"replies":[{"embeddable":true,"href":"https:\/\/saint-arnac.fr\/index.php\/wp-json\/wp\/v2\/comments?post=1481"}],"version-history":[{"count":4,"href":"https:\/\/saint-arnac.fr\/index.php\/wp-json\/wp\/v2\/pages\/1481\/revisions"}],"predecessor-version":[{"id":1515,"href":"https:\/\/saint-arnac.fr\/index.php\/wp-json\/wp\/v2\/pages\/1481\/revisions\/1515"}],"up":[{"embeddable":true,"href":"https:\/\/saint-arnac.fr\/index.php\/wp-json\/wp\/v2\/pages\/1052"}],"wp:attachment":[{"href":"https:\/\/saint-arnac.fr\/index.php\/wp-json\/wp\/v2\/media?parent=1481"}],"curies":[{"name":"wp","href":"https:\/\/api.w.org\/{rel}","templated":true}]}}

<div class="wpb-content-wrapper"><p>[vc_row][vc_column][vc_single_image image= »1301&Prime; img_size= »1000&#215;500&Prime; alignment= »center » style= »vc_box_shadow_3d »][vc_column_text]</p>
<p align="justify">Le 29 juin notre petite église a été bénite par Monseigneur Marceau évêque de Perpignan. Pourquoi le 29 juin ? Le saint-patron de St Arnac étant Saint Pierre, la fête du village commencait ce jour là, et ceci pendant 3 jours. A cette époque, les villageois vivaient de la vigne, d&rsquo; élevage et du travail des champs. Bien sûr, c&rsquo; était la période où l&rsquo;on devait rentrer les foins. Nos aînés décrétèrent donc que le 29 juin serait le seul jour de fête et qu&rsquo;une messe serait célébrée dans leur église. Pour renouer avec la tradition, nous avons souhaité bénir notre église ce jour là et qu&rsquo;une messe soit célébrée chaque année à cette même date, jour de la saint Pierre patron de la paroisse de St Arnac.[/vc_column_text][/vc_column][/vc_row]</p>
</div>

<p>Le 29 juin notre petite église a été bénite par Monseigneur &#8230; </p>
